{"id":252,"date":"2021-01-29T19:38:27","date_gmt":"2021-01-29T18:38:27","guid":{"rendered":"http:\/\/barbara-faber.com\/?page_id=252"},"modified":"2024-08-07T06:46:49","modified_gmt":"2024-08-07T05:46:49","slug":"vita","status":"publish","type":"page","link":"http:\/\/barbara-faber.com\/?page_id=252","title":{"rendered":"Yoga Vita"},"content":{"rendered":"\n<p>Yogalehrer \/ Personal Trainer (500+RYT intern. zertifiziert) 2015 &#8211; 2017<br>Hormon- und Stressmanagement 2015<br>Personal Trainer Zusatzzertifikat 2016<br>Yogatherapie 2016<br>YIN Yogalehrer Ausbildung 2017<br><strong>WAY Europ\u00e4ische Akademie f\u00fcr Yoga und ganzheitliche Gesundheit<\/strong><\/p>\n\n\n\n<p>Wirbels\u00e4ulentherapie nach Dorn Breu\u00df 2019<br><strong>Paracelsus Schule Deutschland<\/strong><\/p>\n\n\n\n<p>AYUR &#8211; Yoga Therapeutin Ausbildung 2017 &#8211; 2021<br>Ausbildung bei <strong>Ayur Yoga Center Schweiz<\/strong> (Remo Rittiner) und <strong>Ayur Yoga Center Trier <\/strong>(Christoph Kraft)<\/p>\n","protected":false},"excerpt":{"rendered":"<p>Yogalehrer \/ Personal Trainer (500+RYT intern. zertifiziert) 2015 &#8211; 2017Hormon- und Stressmanagement 2015Personal Trainer Zusatzzertifikat 2016Yogatherapie 2016YIN Yogalehrer Ausbildung 2017WAY Europ\u00e4ische Akademie f\u00fcr Yoga und ganzheitliche Gesundheit Wirbels\u00e4ulentherapie nach Dorn Breu\u00df 2019Paracelsus Schule Deutschland AYUR &#8211; Yoga Therapeutin Ausbildung 2017 &#8211; 2021Ausbildung bei Ayur Yoga Center Schweiz (Remo Rittiner) und Ayur Yoga Center Trier (Christoph Kraft)<\/p>\n","protected":false},"author":1,"featured_media":0,"parent":0,"menu_order":0,"comment_status":"closed","ping_status":"closed","template":"","meta":{"footnotes":""},"class_list":["post-252","page","type-page","status-publish","hentry"],"_links":{"self":[{"href":"http:\/\/barbara-faber.com\/index.php?rest_route=\/wp\/v2\/pages\/252","targetHints":{"allow":["GET"]}}],"collection":[{"href":"http:\/\/barbara-faber.com\/index.php?rest_route=\/wp\/v2\/pages"}],"about":[{"href":"http:\/\/barbara-faber.com\/index.php?rest_route=\/wp\/v2\/types\/page"}],"author":[{"embeddable":true,"href":"http:\/\/barbara-faber.com\/index.php?rest_route=\/wp\/v2\/users\/1"}],"replies":[{"embeddable":true,"href":"http:\/\/barbara-faber.com\/index.php?rest_route=%2Fwp%2Fv2%2Fcomments&post=252"}],"version-history":[{"count":6,"href":"http:\/\/barbara-faber.com\/index.php?rest_route=\/wp\/v2\/pages\/252\/revisions"}],"predecessor-version":[{"id":559,"href":"http:\/\/barbara-faber.com\/index.php?rest_route=\/wp\/v2\/pages\/252\/revisions\/559"}],"wp:attachment":[{"href":"http:\/\/barbara-faber.com\/index.php?rest_route=%2Fwp%2Fv2%2Fmedia&parent=252"}],"curies":[{"name":"wp","href":"https:\/\/api.w.org\/{rel}","templated":true}]}}