{"id":196,"date":"2021-01-28T18:58:23","date_gmt":"2021-01-28T17:58:23","guid":{"rendered":"http:\/\/barbara-faber.com\/?page_id=196"},"modified":"2025-02-02T17:45:28","modified_gmt":"2025-02-02T16:45:28","slug":"home","status":"publish","type":"page","link":"https:\/\/barbara-faber.com\/","title":{"rendered":"Das bin ich."},"content":{"rendered":"\n<p>Hi, ich heisse Barbara.<\/p>\n\n\n\n<p>So sch\u00f6n, dass Du den Weg zu mir gefunden hast. Was auch immer Dir am Herzen liegt, ich m\u00f6chte Dir helfen, damit es Dir wieder besser geht. <br>Ich bin <strong>Yogalehrerin<\/strong>, <strong>Ayur<\/strong>&#8211;<strong>Yogatherapeutin<\/strong>, <strong>Personal<\/strong> <strong>&amp;<\/strong> <strong>Mental<\/strong> <strong>Coach<\/strong>.<\/p>\n\n\n\n<p>Die Welt ist voller gestresster Menschen. Physische und psychische Krankheitsbilder nehmen leider rasant zu. Ich kann auch ein Lied davon singen, was es bedeutet, k\u00f6rperlich und mental an die eigenen Grenzen zu kommen. Gl\u00fccklicherweise habe ich f\u00fcr mich den richtigen Weg gefunden und m\u00f6chte diesen mit allen Menschen teilen. <\/p>\n\n\n\n<p>Du kannst Einzelstunden &amp; -behandlungen buchen und an Gruppenkursen sowie an Workshops teilnehmen.<\/p>\n\n\n\n<p>Kontaktiere mich unter <strong>yogakurs<\/strong>.<strong>barbara@gmx.de<\/strong>.<\/p>\n\n\n\n<figure class=\"wp-block-pullquote\"><blockquote><p><strong>Authentizit\u00e4t <\/strong><br><strong>Perfektion  <\/strong><br><strong>Menschlichkeit<\/strong><\/p><\/blockquote><\/figure>\n\n\n\n<figure class=\"wp-block-image size-large is-style-rounded\"><img loading=\"lazy\" decoding=\"async\" width=\"1024\" height=\"682\" src=\"http:\/\/barbara-faber.com\/wp-content\/uploads\/2021\/02\/Deine-Suche_1_klein-1024x682.jpeg\" alt=\"\" class=\"wp-image-441\" srcset=\"https:\/\/barbara-faber.com\/wp-content\/uploads\/2021\/02\/Deine-Suche_1_klein-1024x682.jpeg 1024w, https:\/\/barbara-faber.com\/wp-content\/uploads\/2021\/02\/Deine-Suche_1_klein-300x200.jpeg 300w, https:\/\/barbara-faber.com\/wp-content\/uploads\/2021\/02\/Deine-Suche_1_klein-768x512.jpeg 768w, https:\/\/barbara-faber.com\/wp-content\/uploads\/2021\/02\/Deine-Suche_1_klein-600x400.jpeg 600w, https:\/\/barbara-faber.com\/wp-content\/uploads\/2021\/02\/Deine-Suche_1_klein-1536x1023.jpeg 1536w, https:\/\/barbara-faber.com\/wp-content\/uploads\/2021\/02\/Deine-Suche_1_klein-1140x760.jpeg 1140w, https:\/\/barbara-faber.com\/wp-content\/uploads\/2021\/02\/Deine-Suche_1_klein.jpeg 1732w\" sizes=\"auto, (max-width: 1024px) 100vw, 1024px\" \/><\/figure>\n\n\n\n<h1 class=\"wp-block-heading has-text-align-center\">Deine Suche<\/h1>\n\n\n\n<h5 class=\"wp-block-heading has-text-align-center\">Erkennst Du Dich im Folgenden wieder?<\/h5>\n\n\n\n<ul class=\"wp-block-list\">\n<li>Ich bin total gestresst<\/li>\n\n\n\n<li>v\u00f6llige \u00dcberm\u00fcdung<\/li>\n\n\n\n<li>Burnout<\/li>\n\n\n\n<li>Muskelschmerzen<\/li>\n\n\n\n<li>Gelenkschmerzen<\/li>\n\n\n\n<li>Arthrose<\/li>\n\n\n\n<li>R\u00fcckenschmerzen<\/li>\n\n\n\n<li>Bandscheibenvorfall<\/li>\n\n\n\n<li>Frozen Shoulder<\/li>\n\n\n\n<li>Unbeweglichkeit<\/li>\n\n\n\n<li>schwache Konstitution<\/li>\n\n\n\n<li>hormonelle Probleme<\/li>\n\n\n\n<li>Wechseljahre<\/li>\n\n\n\n<li>psychisches Ungleichgewicht<\/li>\n\n\n\n<li>Schlafst\u00f6rungen<\/li>\n\n\n\n<li>Und noch vieles mehr&#8230;!<\/li>\n<\/ul>\n\n\n\n<p>Du suchst nach jemandem, der Dir bei einem oder mehreren der oben genannten Themen helfen kann? <br>Lass<strong> <\/strong>uns<strong> gemeinsam <\/strong>herausfinden<strong>, <\/strong>was<strong> Du <\/strong>brauchst<strong> <\/strong>und wie ich Dir helfen kann.<\/p>\n\n\n\n<figure class=\"wp-block-image size-large is-style-rounded\"><img loading=\"lazy\" decoding=\"async\" width=\"1024\" height=\"731\" src=\"http:\/\/barbara-faber.com\/wp-content\/uploads\/2021\/02\/Ayuryoga-2-1024x731.jpeg\" alt=\"\" class=\"wp-image-449\" srcset=\"https:\/\/barbara-faber.com\/wp-content\/uploads\/2021\/02\/Ayuryoga-2-1024x731.jpeg 1024w, https:\/\/barbara-faber.com\/wp-content\/uploads\/2021\/02\/Ayuryoga-2-300x214.jpeg 300w, https:\/\/barbara-faber.com\/wp-content\/uploads\/2021\/02\/Ayuryoga-2-768x549.jpeg 768w, https:\/\/barbara-faber.com\/wp-content\/uploads\/2021\/02\/Ayuryoga-2-600x429.jpeg 600w, https:\/\/barbara-faber.com\/wp-content\/uploads\/2021\/02\/Ayuryoga-2-1536x1097.jpeg 1536w, https:\/\/barbara-faber.com\/wp-content\/uploads\/2021\/02\/Ayuryoga-2-1140x814.jpeg 1140w, https:\/\/barbara-faber.com\/wp-content\/uploads\/2021\/02\/Ayuryoga-2.jpeg 1631w\" sizes=\"auto, (max-width: 1024px) 100vw, 1024px\" \/><\/figure>\n\n\n\n<h1 class=\"wp-block-heading has-text-align-center\">Portfolio<\/h1>\n\n\n\n<h5 class=\"wp-block-heading has-text-align-center\">Vielf\u00e4ltiges Wissen anwenden.<\/h5>\n\n\n\n<p>Ich arbeite, wie ich bin und lebe das Konzept der Vielfalt. Ich nutze das Wissen Jahrtausend alter Yogatraditionen sowie modernste medizinische Techniken in meiner Praxis und lege Wert auf anatomisch korrekte und achtsame Ausf\u00fchrung. Dadurch stellen sich schnell Erfolge bei meinen Klienten ein, sowohl physisch als auch mental. Mein Konzept richtet sich an alle Menschen jeden Alters und jeder Konstitution. Angebot:<\/p>\n\n\n\n<ul class=\"wp-block-list\">\n<li>Yogatherapie (Medical Yoga, therapeutisches Yoga)<\/li>\n\n\n\n<li>Nadi-Muskeltherapie (Triggerpunktbehandlung, Schmerztherapie)<\/li>\n\n\n\n<li>YIN Yoga (langsam, leicht, entschleunigend)<\/li>\n\n\n\n<li>Hatha Yoga (kraftvoll, k\u00f6rperliche Aufrichtung)<\/li>\n\n\n\n<li>Hormonyoga (Wechseljahre, Schwangerschaft)<\/li>\n\n\n\n<li>Vinyasa Krama (lernen, Atmung und Bewegung zu vereinen)<\/li>\n\n\n\n<li>Spiraldynamik (k\u00f6rperliches Aufrichteprinzip)<\/li>\n\n\n\n<li>Fitness und Gymnastik<\/li>\n\n\n\n<li>Faszientraining (Faszienrollen und -b\u00e4lle)<\/li>\n\n\n\n<li>Meditation<\/li>\n\n\n\n<li>Chakrenlehre<\/li>\n\n\n\n<li>Atemlehre (Pranayama)<\/li>\n\n\n\n<li>Ern\u00e4hrung (Ayurveda)<\/li>\n<\/ul>\n\n\n\n<p><strong>Im Einzelunterricht:<\/strong>&nbsp;ausf\u00fchrliche Anamnese und ausgearbeiteter Therapieplan, der gemeinsam umgesetzt und begleitet wird.<\/p>\n\n\n\n<figure class=\"wp-block-image size-large is-style-rounded\"><img loading=\"lazy\" decoding=\"async\" width=\"1024\" height=\"683\" src=\"http:\/\/barbara-faber.com\/wp-content\/uploads\/2021\/02\/Yoga_1-1024x683.jpeg\" alt=\"\" class=\"wp-image-453\" srcset=\"https:\/\/barbara-faber.com\/wp-content\/uploads\/2021\/02\/Yoga_1-1024x683.jpeg 1024w, https:\/\/barbara-faber.com\/wp-content\/uploads\/2021\/02\/Yoga_1-300x200.jpeg 300w, https:\/\/barbara-faber.com\/wp-content\/uploads\/2021\/02\/Yoga_1-768x512.jpeg 768w, https:\/\/barbara-faber.com\/wp-content\/uploads\/2021\/02\/Yoga_1-600x400.jpeg 600w, https:\/\/barbara-faber.com\/wp-content\/uploads\/2021\/02\/Yoga_1-1536x1024.jpeg 1536w, https:\/\/barbara-faber.com\/wp-content\/uploads\/2021\/02\/Yoga_1-2048x1365.jpeg 2048w, https:\/\/barbara-faber.com\/wp-content\/uploads\/2021\/02\/Yoga_1-1140x760.jpeg 1140w\" sizes=\"auto, (max-width: 1024px) 100vw, 1024px\" \/><\/figure>\n\n\n\n<h1 class=\"wp-block-heading has-text-align-center\">Yoga<\/h1>\n\n\n\n<h5 class=\"wp-block-heading has-text-align-center\">Diese Yogaarten unterrichte ich.<\/h5>\n\n\n\n<p><strong>Hatha Yoga:<\/strong>&nbsp;Traditioneller Yoga, ausgewogen, achtsam und kraftvoll. Anatomisch korrekte Ausf\u00fchrung der Asanas (\u00dcbungen). Konzentration auf Haltung, Atmung und Ausrichtung. Alle \u00dcbungen bauen wir gemeinsam und aufmerksam auf, damit Du das Ergebnis sp\u00fcrst und verstehst. Der Bewegungsapparat bekommt sanft Impulse, die er im Laufe des Lebens verlernt hat. Du&nbsp;arbeitest an Deiner Koordination, die Gelenke d\u00fcrfen an ihrem urspr\u00fcnglichen Spielraum arbeiten. Schwache K\u00f6rperstellen bekommen die richtige Aufmerksamkeit, der gesamte K\u00f6rper arbeitet gleichm\u00e4\u00dfig, um eine symmetrische Einheit zu erreichen.<\/p>\n\n\n\n<p><strong>Yin Yoga<\/strong>: ist ein tiefenentspannender Yogastil, der Dich mit passiven Dehn\u00fcbungen sp\u00fcrbar mobiler und entspannter werden l\u00e4sst.&nbsp; Die \u00dcbungen werden \u00fcber einen l\u00e4ngeren Zeitraum gehalten, Verspannungen l\u00f6sen sich, Schmerzen im Bewegungsapparat verringern sich. Gifte im K\u00f6rper werden abtransportiert. Die \u00dcbungen werden haupts\u00e4chlich im Sitzen und im Liegen ausgef\u00fchrt, damit K\u00f6rper &amp; Geist besser entspannen k\u00f6nnen. Es folgt eine deutliche Entspannung, sowohl physisch als auch mental.<\/p>\n\n\n\n<p><strong>Ayur-Yoga:<\/strong>&nbsp;Ayur Yoga verbindet verschiedene Aspekte miteinander, unter anderem Hatha und Yin. Anatomisch angepasste \u00dcbungen, je nach Konstitution, werden sowohl dynamisch als auch statisch ausgef\u00fchrt. Blockaden werden gel\u00f6st, Mobilit\u00e4t erh\u00f6ht und Kraft aufgebaut. Atem- und Entspannungs\u00fcbungen lassen den Geist zur Ruhe kommen. K\u00f6rper und Geist finden durch angepasste \u00dcbungen zur\u00fcck in ihre Balance und Flexibilit\u00e4t. Die \u00dcbungen k\u00f6nnen sich positiv auf verschiedenste Ebenen auswirken: Kreislauf, Organe, Verdauung, Hormone, Nervensystem, Energiesystem.<\/p>\n\n\n\n<p>Alle oben genannten Stilrichtungen werden nach dem Prinzip des Vinyasa Krama ausgef\u00fchrt. Der Unterricht wird in Stufen aufgebaut, K\u00f6rper und Geist auf das Ziel hingef\u00fchrt. Am Ende der \u00dcbungen erfolgt der Ausgleich, die Entspannung (Reflexion).<\/p>\n\n\n\n<figure class=\"wp-block-image size-large is-style-rounded\"><img loading=\"lazy\" decoding=\"async\" width=\"1024\" height=\"682\" src=\"http:\/\/barbara-faber.com\/wp-content\/uploads\/2021\/02\/NMT_1_klein-1024x682.jpeg\" alt=\"\" class=\"wp-image-461\" srcset=\"https:\/\/barbara-faber.com\/wp-content\/uploads\/2021\/02\/NMT_1_klein-1024x682.jpeg 1024w, https:\/\/barbara-faber.com\/wp-content\/uploads\/2021\/02\/NMT_1_klein-300x200.jpeg 300w, https:\/\/barbara-faber.com\/wp-content\/uploads\/2021\/02\/NMT_1_klein-768x512.jpeg 768w, https:\/\/barbara-faber.com\/wp-content\/uploads\/2021\/02\/NMT_1_klein-600x400.jpeg 600w, https:\/\/barbara-faber.com\/wp-content\/uploads\/2021\/02\/NMT_1_klein-1536x1023.jpeg 1536w, https:\/\/barbara-faber.com\/wp-content\/uploads\/2021\/02\/NMT_1_klein-1140x760.jpeg 1140w, https:\/\/barbara-faber.com\/wp-content\/uploads\/2021\/02\/NMT_1_klein.jpeg 1732w\" sizes=\"auto, (max-width: 1024px) 100vw, 1024px\" \/><\/figure>\n\n\n\n<h2 class=\"wp-block-heading has-text-align-center\">NMT (Nadi-Muskeltherapie)<\/h2>\n\n\n\n<h5 class=\"wp-block-heading has-text-align-center\">Triggerpunkte behandeln.<br><\/h5>\n\n\n\n<p>Die NMT verbindet traditionelle Techniken mit dem aktuellen Wissen der Anatomie. Unsere Muskulatur besitzt eine Grundspannung (Grundtonus) zur Aufrechterhaltung des K\u00f6rpers. Verspannt ein Muskel zu viel, kann es zu einseitigen Belastungen und somit zu ver\u00e4nderten Haltungsmustern kommen. Gelenke werden beansprucht, Bindegewebe verklebt.<\/p>\n\n\n\n<p>W\u00e4hrend der NMT \u2013 Behandlung wird der Muskel durch Druck (manuelle Behandlung) auf dessen Bauch, Ursprung oder Ansatz stimuliert. Dadurch wird ein physiologischer Reflex ausgel\u00f6st. Die Information wird an das zentrale Nervensystem weitergeleitet und der Tonus des Muskels reduziert sich.<\/p>\n\n\n\n<figure class=\"wp-block-image size-large is-style-rounded\"><img loading=\"lazy\" decoding=\"async\" width=\"1024\" height=\"682\" src=\"http:\/\/barbara-faber.com\/wp-content\/uploads\/2021\/02\/Faszientraining_1_klein-1-1024x682.jpeg\" alt=\"\" class=\"wp-image-468\" srcset=\"https:\/\/barbara-faber.com\/wp-content\/uploads\/2021\/02\/Faszientraining_1_klein-1-1024x682.jpeg 1024w, https:\/\/barbara-faber.com\/wp-content\/uploads\/2021\/02\/Faszientraining_1_klein-1-300x200.jpeg 300w, https:\/\/barbara-faber.com\/wp-content\/uploads\/2021\/02\/Faszientraining_1_klein-1-768x512.jpeg 768w, https:\/\/barbara-faber.com\/wp-content\/uploads\/2021\/02\/Faszientraining_1_klein-1-600x400.jpeg 600w, https:\/\/barbara-faber.com\/wp-content\/uploads\/2021\/02\/Faszientraining_1_klein-1-1536x1023.jpeg 1536w, https:\/\/barbara-faber.com\/wp-content\/uploads\/2021\/02\/Faszientraining_1_klein-1-1140x760.jpeg 1140w, https:\/\/barbara-faber.com\/wp-content\/uploads\/2021\/02\/Faszientraining_1_klein-1.jpeg 1732w\" sizes=\"auto, (max-width: 1024px) 100vw, 1024px\" \/><\/figure>\n\n\n\n<h1 class=\"wp-block-heading has-text-align-center\">Faszientraining<\/h1>\n\n\n\n<h5 class=\"wp-block-heading has-text-align-center\">Faszienrolle und -b\u00e4lle.<\/h5>\n\n\n\n<p>Der Ursprung der Anwendung liegt in der Physiotherapie und ist mittlerweile bei vielen Menschen Bestandteil des Lebens. Unser K\u00f6rper wird durch ein Bindegewebsnetz (Faszien) zusammengehalten, was uns dadurch die n\u00f6tige Spannkraft verleiht. Verspannungen und Verklebungen des Netzes k\u00f6nnen den ganzen K\u00f6rper, dessen Funktionen beeintr\u00e4chtigen und Schmerzen verursachen. Der Einsatz von Faszienrollen und -b\u00e4llen hilft, den Gewebsfluss zu aktivieren. Verklebungen l\u00f6sen sich. Giftstoffe werden abtransportiert, Muskeln, Gelenke und B\u00e4nder sind aktiver und mobiler.<\/p>\n\n\n\n<figure class=\"wp-block-image size-large is-style-rounded\"><img loading=\"lazy\" decoding=\"async\" width=\"1024\" height=\"433\" src=\"http:\/\/barbara-faber.com\/wp-content\/uploads\/2021\/02\/Portfolio_1_Klein-2-1024x433.jpeg\" alt=\"\" class=\"wp-image-470\" srcset=\"https:\/\/barbara-faber.com\/wp-content\/uploads\/2021\/02\/Portfolio_1_Klein-2-1024x433.jpeg 1024w, https:\/\/barbara-faber.com\/wp-content\/uploads\/2021\/02\/Portfolio_1_Klein-2-300x127.jpeg 300w, https:\/\/barbara-faber.com\/wp-content\/uploads\/2021\/02\/Portfolio_1_Klein-2-768x325.jpeg 768w, https:\/\/barbara-faber.com\/wp-content\/uploads\/2021\/02\/Portfolio_1_Klein-2-600x254.jpeg 600w, https:\/\/barbara-faber.com\/wp-content\/uploads\/2021\/02\/Portfolio_1_Klein-2-1536x649.jpeg 1536w, https:\/\/barbara-faber.com\/wp-content\/uploads\/2021\/02\/Portfolio_1_Klein-2-2048x865.jpeg 2048w, https:\/\/barbara-faber.com\/wp-content\/uploads\/2021\/02\/Portfolio_1_Klein-2-1140x482.jpeg 1140w\" sizes=\"auto, (max-width: 1024px) 100vw, 1024px\" \/><\/figure>\n\n\n\n<h1 class=\"wp-block-heading has-text-align-center\">Ayuryoga &#8211; Therapie<\/h1>\n\n\n\n<h5 class=\"wp-block-heading has-text-align-center\">Was ist Ayuryoga?<\/h5>\n\n\n\n<p>In der Yogatherapie wird die Yogapraxis individuell an die Bed\u00fcrfnisse des einzelnen Menschen angepasst. Je nach Alter, Konstitution, Gesundheitszustand und Lebenssituation. Es geht darum zu erkennen, welche Ursachen zu Krankheiten gef\u00fchrt haben, wie z.B. Stress, falsche Gewohnheiten, einseitige sportliche Bewegungen, Traumata.<br>Durch den Einsatz von Nadi-Muskeltherapie, vielseitigen \u00dcbungen f\u00fcr den K\u00f6rper und den Geist \u2013 verbunden mit Atem- und Entspannungstechniken \u2013 gelangt man zu Ruhe, Kraft und Klarheit.<\/p>\n\n\n\n<p>Im Ayuryoga wird&nbsp;<strong>traditioneller Yoga<\/strong>&nbsp;mit&nbsp;<strong>modernem Wissen&nbsp;<\/strong>der&nbsp;<strong>Anatomie<\/strong>&nbsp;verbunden. Es wird dabei auf eine anatomisch korrekte Aus- und Aufrichtung geachtet (<strong>Medical Yoga<\/strong>).<\/p>\n\n\n\n<figure class=\"wp-block-image size-large is-style-rounded\"><img loading=\"lazy\" decoding=\"async\" width=\"1024\" height=\"683\" src=\"http:\/\/barbara-faber.com\/wp-content\/uploads\/2021\/02\/VITA_1-1024x683.jpeg\" alt=\"\" class=\"wp-image-472\" srcset=\"https:\/\/barbara-faber.com\/wp-content\/uploads\/2021\/02\/VITA_1-1024x683.jpeg 1024w, https:\/\/barbara-faber.com\/wp-content\/uploads\/2021\/02\/VITA_1-300x200.jpeg 300w, https:\/\/barbara-faber.com\/wp-content\/uploads\/2021\/02\/VITA_1-768x512.jpeg 768w, https:\/\/barbara-faber.com\/wp-content\/uploads\/2021\/02\/VITA_1-600x400.jpeg 600w, https:\/\/barbara-faber.com\/wp-content\/uploads\/2021\/02\/VITA_1-1536x1024.jpeg 1536w, https:\/\/barbara-faber.com\/wp-content\/uploads\/2021\/02\/VITA_1-2048x1365.jpeg 2048w, https:\/\/barbara-faber.com\/wp-content\/uploads\/2021\/02\/VITA_1-1140x760.jpeg 1140w\" sizes=\"auto, (max-width: 1024px) 100vw, 1024px\" \/><\/figure>\n\n\n\n<h1 class=\"wp-block-heading has-text-align-center\">Yoga Vita<\/h1>\n\n\n\n<p>Yogalehrer \/ Personal Trainer (500+ RYT intern. zertifiziert) 2015 &#8211; 2017<br>Hormon- und Stressmanagement 2015<br>Personal Trainer 2016<br>YIN Yogalehrerin 2017<br><strong>WAY Europ\u00e4ische Akademie f\u00fcr Yoga und ganzheitliche Gesundheit<\/strong><\/p>\n\n\n\n<p>Wirbels\u00e4ulentherapie nach Dorn Breu\u00df 2019<br><strong>Paracelsus Schule Deutschland<\/strong><\/p>\n\n\n\n<p>AYUR &#8211; Yoga Therapeutin 2019 &#8211; 2021<br><strong>Ayur Yoga Center Schweiz<\/strong>&nbsp;(Remo Rittiner) und&nbsp;<strong>Ayur Yoga Center Trier&nbsp;<\/strong>(Christoph Kraft)<\/p>\n\n\n\n<figure class=\"wp-block-image size-large is-style-rounded\"><img loading=\"lazy\" decoding=\"async\" width=\"1024\" height=\"576\" src=\"http:\/\/barbara-faber.com\/wp-content\/uploads\/2021\/02\/Lehrer_1_klein-1024x576.jpeg\" alt=\"\" class=\"wp-image-473\" srcset=\"https:\/\/barbara-faber.com\/wp-content\/uploads\/2021\/02\/Lehrer_1_klein-1024x576.jpeg 1024w, https:\/\/barbara-faber.com\/wp-content\/uploads\/2021\/02\/Lehrer_1_klein-300x169.jpeg 300w, https:\/\/barbara-faber.com\/wp-content\/uploads\/2021\/02\/Lehrer_1_klein-768x432.jpeg 768w, https:\/\/barbara-faber.com\/wp-content\/uploads\/2021\/02\/Lehrer_1_klein-600x337.jpeg 600w, https:\/\/barbara-faber.com\/wp-content\/uploads\/2021\/02\/Lehrer_1_klein-1536x864.jpeg 1536w, https:\/\/barbara-faber.com\/wp-content\/uploads\/2021\/02\/Lehrer_1_klein-1140x641.jpeg 1140w, https:\/\/barbara-faber.com\/wp-content\/uploads\/2021\/02\/Lehrer_1_klein.jpeg 1885w\" sizes=\"auto, (max-width: 1024px) 100vw, 1024px\" \/><\/figure>\n\n\n\n<h1 class=\"wp-block-heading has-text-align-center\">Meine Lehrer<\/h1>\n\n\n\n<h5 class=\"wp-block-heading has-text-align-center\">Meine Inspiration.<\/h5>\n\n\n\n<ul class=\"wp-block-list\">\n<li>Der Vater des modernen Yoga&nbsp;<strong>T. Krishnamacharya<\/strong>.<\/li>\n\n\n\n<li>Sein Sch\u00fcler und einer der gr\u00f6\u00dften Legenden<strong>&nbsp;B.K.S Iyenga<\/strong>r.<\/li>\n\n\n\n<li>Der gro\u00dfe ehrenwerte Arzt und<strong>&nbsp;Swami<\/strong>&nbsp;(Meister)&nbsp;<strong>Sivananda Saraswati<\/strong>.<\/li>\n\n\n\n<li><strong>Dinah Rodrigues<\/strong>, die \u201eChefin\u201c des Hormonyoga.<\/li>\n\n\n\n<li>Meine Lehrer&nbsp;<strong>Remo Rittiner<\/strong>&nbsp;(Sch\u00fcler des indischen Yogameisters A. Mohan, P\u00e4dagoge, Yogatherapeut, Gr\u00fcnder des AYUR Yoga Center Schweiz ) und <strong>Christoph Kraft<\/strong>&nbsp;(Yogatherapeut, Yogalehrer, HP, verbrachte viel Zeit mit Yoga und Meditation in Indien).<\/li>\n<\/ul>\n\n\n\n<p><br><strong>Danke, dass Ihr uns diesen wertvollen Wissensschatz&nbsp;vererbt habt. <\/strong><\/p>\n\n\n\n<figure class=\"wp-block-pullquote\"><blockquote><p>Tradition<br>Moderne<br>Werte<\/p><\/blockquote><\/figure>\n\n\n\n<figure class=\"wp-block-image size-large is-style-rounded\"><img loading=\"lazy\" decoding=\"async\" width=\"937\" height=\"1024\" src=\"https:\/\/barbara-faber.com\/wp-content\/uploads\/2024\/08\/IMG_5127-937x1024.jpg\" alt=\"\" class=\"wp-image-562\" srcset=\"https:\/\/barbara-faber.com\/wp-content\/uploads\/2024\/08\/IMG_5127-937x1024.jpg 937w, https:\/\/barbara-faber.com\/wp-content\/uploads\/2024\/08\/IMG_5127-275x300.jpg 275w, https:\/\/barbara-faber.com\/wp-content\/uploads\/2024\/08\/IMG_5127-768x839.jpg 768w, https:\/\/barbara-faber.com\/wp-content\/uploads\/2024\/08\/IMG_5127-600x656.jpg 600w, https:\/\/barbara-faber.com\/wp-content\/uploads\/2024\/08\/IMG_5127-1406x1536.jpg 1406w, https:\/\/barbara-faber.com\/wp-content\/uploads\/2024\/08\/IMG_5127-1140x1246.jpg 1140w, https:\/\/barbara-faber.com\/wp-content\/uploads\/2024\/08\/IMG_5127.jpg 1734w\" sizes=\"auto, (max-width: 937px) 100vw, 937px\" \/><\/figure>\n\n\n\n<p><\/p>\n","protected":false},"excerpt":{"rendered":"<p>Hi, ich heisse Barbara. So sch\u00f6n, dass Du den Weg zu mir gefunden hast. Was auch immer Dir am Herzen liegt, ich m\u00f6chte Dir helfen, damit es Dir wieder besser geht. Ich bin Yogalehrerin, Ayur&#8211;Yogatherapeutin, Personal &amp; Mental Coach. Die Welt ist voller gestresster Menschen. Physische und psychische Krankheitsbilder nehmen leider rasant zu. Ich kann auch ein Lied davon singen, was es bedeutet, k\u00f6rperlich und mental an die eigenen Grenzen zu kommen. Gl\u00fccklicherweise habe ich f\u00fcr mich den richtigen Weg gefunden und m\u00f6chte diesen mit allen Menschen teilen. Du kannst Einzelstunden &amp; -behandlungen buchen und an Gruppenkursen sowie an Workshops teilnehmen. Kontaktiere mich unter yogakurs.barbara@gmx.de. Authentizit\u00e4t Perfektion Menschlichkeit Deine Suche Erkennst Du Dich im Folgenden wieder? Du suchst nach jemandem, der Dir bei einem oder mehreren der oben genannten Themen helfen kann? Lass uns gemeinsam herausfinden, was Du brauchst und wie ich Dir helfen kann. Portfolio Vielf\u00e4ltiges Wissen anwenden. Ich arbeite, wie ich bin und lebe das Konzept der Vielfalt. Ich nutze das Wissen Jahrtausend alter Yogatraditionen sowie modernste medizinische Techniken in meiner Praxis und lege Wert auf anatomisch korrekte und achtsame Ausf\u00fchrung. Dadurch stellen sich schnell Erfolge bei meinen Klienten ein, sowohl physisch als auch mental. Mein Konzept richtet sich an alle Menschen jeden Alters und jeder Konstitution. Angebot: Im Einzelunterricht:&nbsp;ausf\u00fchrliche Anamnese und ausgearbeiteter Therapieplan, der gemeinsam umgesetzt und begleitet wird. Yoga Diese Yogaarten unterrichte ich. Hatha Yoga:&nbsp;Traditioneller Yoga, ausgewogen, achtsam und kraftvoll. Anatomisch korrekte Ausf\u00fchrung der Asanas (\u00dcbungen). Konzentration auf Haltung, Atmung und Ausrichtung. Alle \u00dcbungen bauen wir gemeinsam und aufmerksam auf, damit Du das Ergebnis sp\u00fcrst und verstehst. Der Bewegungsapparat bekommt sanft Impulse, die er im Laufe des Lebens verlernt hat. Du&nbsp;arbeitest an Deiner Koordination, die Gelenke d\u00fcrfen an ihrem urspr\u00fcnglichen Spielraum arbeiten. Schwache K\u00f6rperstellen bekommen die richtige Aufmerksamkeit, der gesamte K\u00f6rper arbeitet gleichm\u00e4\u00dfig, um eine symmetrische Einheit zu erreichen. Yin Yoga: ist ein tiefenentspannender Yogastil, der Dich mit passiven Dehn\u00fcbungen sp\u00fcrbar mobiler und entspannter werden l\u00e4sst.&nbsp; Die \u00dcbungen werden \u00fcber einen l\u00e4ngeren Zeitraum gehalten, Verspannungen l\u00f6sen sich, Schmerzen im Bewegungsapparat verringern sich. Gifte im K\u00f6rper werden abtransportiert. Die \u00dcbungen werden haupts\u00e4chlich im Sitzen und im Liegen ausgef\u00fchrt, damit K\u00f6rper &amp; Geist besser entspannen k\u00f6nnen. Es folgt eine deutliche Entspannung, sowohl physisch als auch mental. Ayur-Yoga:&nbsp;Ayur Yoga verbindet verschiedene Aspekte miteinander, unter anderem Hatha und Yin. Anatomisch angepasste \u00dcbungen, je nach Konstitution, werden sowohl dynamisch als auch statisch ausgef\u00fchrt. Blockaden werden gel\u00f6st, Mobilit\u00e4t erh\u00f6ht und Kraft aufgebaut. Atem- und Entspannungs\u00fcbungen lassen den Geist zur Ruhe kommen. K\u00f6rper und Geist finden durch angepasste \u00dcbungen zur\u00fcck in ihre Balance und Flexibilit\u00e4t. Die \u00dcbungen k\u00f6nnen sich positiv auf verschiedenste Ebenen auswirken: Kreislauf, Organe, Verdauung, Hormone, Nervensystem, Energiesystem. Alle oben genannten Stilrichtungen werden nach dem Prinzip des Vinyasa Krama ausgef\u00fchrt. Der Unterricht wird in Stufen aufgebaut, K\u00f6rper und Geist auf das Ziel hingef\u00fchrt. Am Ende der \u00dcbungen erfolgt der Ausgleich, die Entspannung (Reflexion). NMT (Nadi-Muskeltherapie) Triggerpunkte behandeln. Die NMT verbindet traditionelle Techniken mit dem aktuellen Wissen der Anatomie. Unsere Muskulatur besitzt eine Grundspannung (Grundtonus) zur Aufrechterhaltung des K\u00f6rpers. Verspannt ein Muskel zu viel, kann es zu einseitigen Belastungen und somit zu ver\u00e4nderten Haltungsmustern kommen. Gelenke werden beansprucht, Bindegewebe verklebt. W\u00e4hrend der NMT \u2013 Behandlung wird der Muskel durch Druck (manuelle Behandlung) auf dessen Bauch, Ursprung oder Ansatz stimuliert. Dadurch wird ein physiologischer Reflex ausgel\u00f6st. Die Information wird an das zentrale Nervensystem weitergeleitet und der Tonus des Muskels reduziert sich. Faszientraining Faszienrolle und -b\u00e4lle. Der Ursprung der Anwendung liegt in der Physiotherapie und ist mittlerweile bei vielen Menschen Bestandteil des Lebens. Unser K\u00f6rper wird durch ein Bindegewebsnetz (Faszien) zusammengehalten, was uns dadurch die n\u00f6tige Spannkraft verleiht. Verspannungen und Verklebungen des Netzes k\u00f6nnen den ganzen K\u00f6rper, dessen Funktionen beeintr\u00e4chtigen und Schmerzen verursachen. Der Einsatz von Faszienrollen und -b\u00e4llen hilft, den Gewebsfluss zu aktivieren. Verklebungen l\u00f6sen sich. Giftstoffe werden abtransportiert, Muskeln, Gelenke und B\u00e4nder sind aktiver und mobiler. Ayuryoga &#8211; Therapie Was ist Ayuryoga? In der Yogatherapie wird die Yogapraxis individuell an die Bed\u00fcrfnisse des einzelnen Menschen angepasst. Je nach Alter, Konstitution, Gesundheitszustand und Lebenssituation. Es geht darum zu erkennen, welche Ursachen zu Krankheiten gef\u00fchrt haben, wie z.B. Stress, falsche Gewohnheiten, einseitige sportliche Bewegungen, Traumata.Durch den Einsatz von Nadi-Muskeltherapie, vielseitigen \u00dcbungen f\u00fcr den K\u00f6rper und den Geist \u2013 verbunden mit Atem- und Entspannungstechniken \u2013 gelangt man zu Ruhe, Kraft und Klarheit. Im Ayuryoga wird&nbsp;traditioneller Yoga&nbsp;mit&nbsp;modernem Wissen&nbsp;der&nbsp;Anatomie&nbsp;verbunden. Es wird dabei auf eine anatomisch korrekte Aus- und Aufrichtung geachtet (Medical Yoga). Yoga Vita Yogalehrer \/ Personal Trainer (500+ RYT intern. zertifiziert) 2015 &#8211; 2017Hormon- und Stressmanagement 2015Personal Trainer 2016YIN Yogalehrerin 2017WAY Europ\u00e4ische Akademie f\u00fcr Yoga und ganzheitliche Gesundheit Wirbels\u00e4ulentherapie nach Dorn Breu\u00df 2019Paracelsus Schule Deutschland AYUR &#8211; Yoga Therapeutin 2019 &#8211; 2021Ayur Yoga Center Schweiz&nbsp;(Remo Rittiner) und&nbsp;Ayur Yoga Center Trier&nbsp;(Christoph Kraft) Meine Lehrer Meine Inspiration. Danke, dass Ihr uns diesen wertvollen Wissensschatz&nbsp;vererbt habt. TraditionModerneWerte<\/p>\n","protected":false},"author":1,"featured_media":0,"parent":0,"menu_order":0,"comment_status":"closed","ping_status":"closed","template":"elementor_theme","meta":{"footnotes":""},"class_list":["post-196","page","type-page","status-publish","hentry"],"_links":{"self":[{"href":"https:\/\/barbara-faber.com\/index.php?rest_route=\/wp\/v2\/pages\/196","targetHints":{"allow":["GET"]}}],"collection":[{"href":"https:\/\/barbara-faber.com\/index.php?rest_route=\/wp\/v2\/pages"}],"about":[{"href":"https:\/\/barbara-faber.com\/index.php?rest_route=\/wp\/v2\/types\/page"}],"author":[{"embeddable":true,"href":"https:\/\/barbara-faber.com\/index.php?rest_route=\/wp\/v2\/users\/1"}],"replies":[{"embeddable":true,"href":"https:\/\/barbara-faber.com\/index.php?rest_route=%2Fwp%2Fv2%2Fcomments&post=196"}],"version-history":[{"count":76,"href":"https:\/\/barbara-faber.com\/index.php?rest_route=\/wp\/v2\/pages\/196\/revisions"}],"predecessor-version":[{"id":591,"href":"https:\/\/barbara-faber.com\/index.php?rest_route=\/wp\/v2\/pages\/196\/revisions\/591"}],"wp:attachment":[{"href":"https:\/\/barbara-faber.com\/index.php?rest_route=%2Fwp%2Fv2%2Fmedia&parent=196"}],"curies":[{"name":"wp","href":"https:\/\/api.w.org\/{rel}","templated":true}]}}