{"id":361,"date":"2021-02-01T08:21:43","date_gmt":"2021-02-01T07:21:43","guid":{"rendered":"http:\/\/barbara-faber.com\/?page_id=361"},"modified":"2021-02-01T16:24:54","modified_gmt":"2021-02-01T15:24:54","slug":"hatha-yoga","status":"publish","type":"page","link":"https:\/\/barbara-faber.com\/?page_id=361","title":{"rendered":"Yoga"},"content":{"rendered":"\n<h4 class=\"wp-block-heading\">Diese Yogaarten unterrichte ich<\/h4>\n\n\n\n<p><strong>Hatha Yoga:<\/strong> Traditioneller Yoga, ausgewogen, achtsam und kraftvoll. Anatomisch korrekte Ausf\u00fchrung der Asanas (\u00dcbungen). Konzentration auf Haltung, Atmung und Ausrichtung. Alle \u00dcbungen bauen wir gemeinsam und aufmerksam auf, damit Du das Ergebnis sp\u00fcrst und verstehst. Der Bewegungsapparat bekommt sanft Impulse, die er im Laufe des Lebens verlernt hat. Du\u00a0arbeitest an Deiner Koordination, die Gelenke d\u00fcrfen an ihrem urspr\u00fcnglichen Spielraum arbeiten. Schwache K\u00f6rperstellen bekommen die richtige Aufmerksamkeit, der gesamte K\u00f6rper arbeitet gleichm\u00e4\u00dfig, um eine symmetrische Einheit zu erreichen.<\/p>\n\n\n\n<p><strong>Yin Yoga<\/strong>: ist ein tiefenentspannender Yogastil, der Dich mit passiven Dehn\u00fcbungen sp\u00fcrbar mobiler und entspannter werden l\u00e4sst.&nbsp; Die \u00dcbungen werden \u00fcber einen l\u00e4ngeren Zeitraum gehalten, Verspannungen l\u00f6sen sich, Schmerzen im Bewegungsapparat verringern sich. Gifte im K\u00f6rper werden abtransportiert. Die \u00dcbungen werden haupts\u00e4chlich im Sitzen und im Liegen ausgef\u00fchrt, damit K\u00f6rper &amp; Geist besser entspannen k\u00f6nnen. Es folgt eine deutliche Entspannung, sowohl physisch als auch mental.<\/p>\n\n\n\n<p><strong>Ayur-Yoga:<\/strong> Ayur Yoga verbindet verschiedene Aspekte miteinander, unter anderem Hatha und Yin. Anatomisch angepasste \u00dcbungen, je nach Konstitution, werden sowohl dynamisch als auch statisch ausgef\u00fchrt. Blockaden werden gel\u00f6st, Mobilit\u00e4t erh\u00f6ht und Kraft aufgebaut. Atem- und Entspannungs\u00fcbungen lassen den Geist zur Ruhe kommen. K\u00f6rper und Geist finden durch angepasste \u00dcbungen zur\u00fcck in ihre Balance und Flexibilit\u00e4t. Die \u00dcbungen k\u00f6nnen sich positiv auf verschiedenste Ebenen auswirken: Kreislauf, Organe, Verdauung, Hormone, Nervensystem, Energiesystem.<\/p>\n\n\n\n<p>Alle oben genannten Stilrichtungen werden nach dem Prinzip des Vinyasa Krama ausgef\u00fchrt. Der Unterricht wird in Stufen aufgebaut, K\u00f6rper und Geist auf das Ziel hingef\u00fchrt. Am Ende der \u00dcbungen erfolgt der Ausgleich, die Entspannung (Reflexion). <\/p>\n","protected":false},"excerpt":{"rendered":"<p>Diese Yogaarten unterrichte ich Hatha Yoga: Traditioneller Yoga, ausgewogen, achtsam und kraftvoll. Anatomisch korrekte Ausf\u00fchrung der Asanas (\u00dcbungen). Konzentration auf Haltung, Atmung und Ausrichtung. Alle \u00dcbungen bauen wir gemeinsam und aufmerksam auf, damit Du das Ergebnis sp\u00fcrst und verstehst. Der Bewegungsapparat bekommt sanft Impulse, die er im Laufe des Lebens verlernt hat. Du\u00a0arbeitest an Deiner Koordination, die Gelenke d\u00fcrfen an ihrem urspr\u00fcnglichen Spielraum arbeiten. Schwache K\u00f6rperstellen bekommen die richtige Aufmerksamkeit, der gesamte K\u00f6rper arbeitet gleichm\u00e4\u00dfig, um eine symmetrische Einheit zu erreichen. Yin Yoga: ist ein tiefenentspannender Yogastil, der Dich mit passiven Dehn\u00fcbungen sp\u00fcrbar mobiler und entspannter werden l\u00e4sst.&nbsp; Die \u00dcbungen werden \u00fcber einen l\u00e4ngeren Zeitraum gehalten, Verspannungen l\u00f6sen sich, Schmerzen im Bewegungsapparat verringern sich. Gifte im K\u00f6rper werden abtransportiert. Die \u00dcbungen werden haupts\u00e4chlich im Sitzen und im Liegen ausgef\u00fchrt, damit K\u00f6rper &amp; Geist besser entspannen k\u00f6nnen. Es folgt eine deutliche Entspannung, sowohl physisch als auch mental. Ayur-Yoga: Ayur Yoga verbindet verschiedene Aspekte miteinander, unter anderem Hatha und Yin. Anatomisch angepasste \u00dcbungen, je nach Konstitution, werden sowohl dynamisch als auch statisch ausgef\u00fchrt. Blockaden werden gel\u00f6st, Mobilit\u00e4t erh\u00f6ht und Kraft aufgebaut. Atem- und Entspannungs\u00fcbungen lassen den Geist zur Ruhe kommen. K\u00f6rper und Geist finden durch angepasste \u00dcbungen zur\u00fcck in ihre Balance und Flexibilit\u00e4t. Die \u00dcbungen k\u00f6nnen sich positiv auf verschiedenste Ebenen auswirken: Kreislauf, Organe, Verdauung, Hormone, Nervensystem, Energiesystem. Alle oben genannten Stilrichtungen werden nach dem Prinzip des Vinyasa Krama ausgef\u00fchrt. Der Unterricht wird in Stufen aufgebaut, K\u00f6rper und Geist auf das Ziel hingef\u00fchrt. Am Ende der \u00dcbungen erfolgt der Ausgleich, die Entspannung (Reflexion).<\/p>\n","protected":false},"author":1,"featured_media":0,"parent":0,"menu_order":0,"comment_status":"closed","ping_status":"closed","template":"","meta":{"footnotes":""},"class_list":["post-361","page","type-page","status-publish","hentry"],"_links":{"self":[{"href":"https:\/\/barbara-faber.com\/index.php?rest_route=\/wp\/v2\/pages\/361","targetHints":{"allow":["GET"]}}],"collection":[{"href":"https:\/\/barbara-faber.com\/index.php?rest_route=\/wp\/v2\/pages"}],"about":[{"href":"https:\/\/barbara-faber.com\/index.php?rest_route=\/wp\/v2\/types\/page"}],"author":[{"embeddable":true,"href":"https:\/\/barbara-faber.com\/index.php?rest_route=\/wp\/v2\/users\/1"}],"replies":[{"embeddable":true,"href":"https:\/\/barbara-faber.com\/index.php?rest_route=%2Fwp%2Fv2%2Fcomments&post=361"}],"version-history":[{"count":7,"href":"https:\/\/barbara-faber.com\/index.php?rest_route=\/wp\/v2\/pages\/361\/revisions"}],"predecessor-version":[{"id":402,"href":"https:\/\/barbara-faber.com\/index.php?rest_route=\/wp\/v2\/pages\/361\/revisions\/402"}],"wp:attachment":[{"href":"https:\/\/barbara-faber.com\/index.php?rest_route=%2Fwp%2Fv2%2Fmedia&parent=361"}],"curies":[{"name":"wp","href":"https:\/\/api.w.org\/{rel}","templated":true}]}}